{"id":280073,"date":"2026-04-27T15:11:00","date_gmt":"2026-04-27T13:11:00","guid":{"rendered":"https:\/\/by-gloria.com\/shop\/produkt\/geschirr-set-bjoern-4-personen-36-tlg\/"},"modified":"2026-04-27T15:14:11","modified_gmt":"2026-04-27T13:14:11","slug":"geschirr-set-bjoern-4-personen-36-tlg","status":"publish","type":"product","link":"https:\/\/by-gloria.com\/shop\/produkt\/geschirr-set-bjoern-4-personen-36-tlg\/","title":{"rendered":"Geschirr-Set Bj\u00f6rn  4 Personen (36-tlg.)"},"content":{"rendered":"<p>Marke: Scandi Bj\u00f6rn<br \/>\nMaterial: Steinzeug<br \/>\nFarbe: Olivegr\u00fcne Farbe<\/p>\n<p>Abmessungen:<br \/>\nSpeiseteller: D 28 cm<br \/>\nDessertteller: D 22 cm<br \/>\nBrotteller: D 17 cm<br \/>\nSuppenteller: D 21 cm<br \/>\nSnackschale: D 12 cm<br \/>\nServierschale: D 17 cm<br \/>\nKaffeetasse: 500 ml<br \/>\nTeetasse: 150 ml<br \/>\nUntertasse: D 12 cm<\/p>\n<p>Hinweis:<br \/>\nSp\u00fclmaschinen.- Backofen.- und Mikrowellengeeignet ! <\/p>\n<p>Die Kollektion SCANDI spiegelt die minimalistische Eleganz und moderne Funktionalit\u00e4t nordischen Designs wider.<br \/>\nIhre einfachen geometrischen Formen und geraden Schnitte verk\u00f6rpern perfekt die nordische \u00c4sthetik und lassen sich geschickt f\u00fcr unz\u00e4hlige Anwendungen stapeln.<br \/>\nErh\u00e4ltlich in mehreren schlichten und nat\u00fcrlichen Farben, f\u00fcgt sie sich harmonisch in jede Tischdekoration ein.<\/p>\n","protected":false},"excerpt":{"rendered":"<p>Lieferzeit mit Paketdienst: ca. 3-5 Werktage<\/p>\n","protected":false},"featured_media":280072,"template":"","meta":{"site-sidebar-layout":"default","site-content-layout":"","ast-site-content-layout":"default","site-content-style":"default","site-sidebar-style":"default","ast-global-header-display":"","ast-banner-title-visibility":"","ast-main-header-display":"","ast-hfb-above-header-display":"","ast-hfb-below-header-display":"","ast-hfb-mobile-header-display":"","site-post-title":"","ast-breadcrumbs-content":"","ast-featured-img":"","footer-sml-layout":"","ast-disable-related-posts":"","theme-transparent-header-meta":"","adv-header-id-meta":"","stick-header-meta":"","header-above-stick-meta":"","header-main-stick-meta":"","header-below-stick-meta":"","astra-migrate-meta-layouts":"default","ast-page-background-enabled":"default","ast-page-background-meta":{"desktop":{"background-color":"var(--ast-global-color-5)","background-image":"","background-repeat":"repeat","background-position":"center center","background-size":"auto","background-attachment":"scroll","background-type":"","background-media":"","overlay-type":"","overlay-color":"","overlay-opacity":"","overlay-gradient":""},"tablet":{"background-color":"","background-image":"","background-repeat":"repeat","background-position":"center center","background-size":"auto","background-attachment":"scroll","background-type":"","background-media":"","overlay-type":"","overlay-color":"","overlay-opacity":"","overlay-gradient":""},"mobile":{"background-color":"","background-image":"","background-repeat":"repeat","background-position":"center center","background-size":"auto","background-attachment":"scroll","background-type":"","background-media":"","overlay-type":"","overlay-color":"","overlay-opacity":"","overlay-gradient":""}},"ast-content-background-meta":{"desktop":{"background-color":"var(--ast-global-color-4)","background-image":"","background-repeat":"repeat","background-position":"center center","background-size":"auto","background-attachment":"scroll","background-type":"","background-media":"","overlay-type":"","overlay-color":"","overlay-opacity":"","overlay-gradient":""},"tablet":{"background-color":"var(--ast-global-color-4)","background-image":"","background-repeat":"repeat","background-position":"center center","background-size":"auto","background-attachment":"scroll","background-type":"","background-media":"","overlay-type":"","overlay-color":"","overlay-opacity":"","overlay-gradient":""},"mobile":{"background-color":"var(--ast-global-color-4)","background-image":"","background-repeat":"repeat","background-position":"center center","background-size":"auto","background-attachment":"scroll","background-type":"","background-media":"","overlay-type":"","overlay-color":"","overlay-opacity":"","overlay-gradient":""}}},"product_brand":[],"product_cat":[95,98],"product_tag":[],"class_list":{"0":"post-280073","1":"product","2":"type-product","3":"status-publish","4":"has-post-thumbnail","6":"product_cat-kueche","7":"product_cat-essgeschirr-kueche","8":"product_shipping_class-paketdienst","9":"desktop-align-left","10":"tablet-align-left","11":"mobile-align-left","13":"first","14":"instock","15":"sale","16":"taxable","17":"shipping-taxable","18":"purchasable","19":"product-type-simple"},"_links":{"self":[{"href":"https:\/\/by-gloria.com\/shop\/wp-json\/wp\/v2\/product\/280073","targetHints":{"allow":["GET"]}}],"collection":[{"href":"https:\/\/by-gloria.com\/shop\/wp-json\/wp\/v2\/product"}],"about":[{"href":"https:\/\/by-gloria.com\/shop\/wp-json\/wp\/v2\/types\/product"}],"wp:featuredmedia":[{"embeddable":true,"href":"https:\/\/by-gloria.com\/shop\/wp-json\/wp\/v2\/media\/280072"}],"wp:attachment":[{"href":"https:\/\/by-gloria.com\/shop\/wp-json\/wp\/v2\/media?parent=280073"}],"wp:term":[{"taxonomy":"product_brand","embeddable":true,"href":"https:\/\/by-gloria.com\/shop\/wp-json\/wp\/v2\/product_brand?post=280073"},{"taxonomy":"product_cat","embeddable":true,"href":"https:\/\/by-gloria.com\/shop\/wp-json\/wp\/v2\/product_cat?post=280073"},{"taxonomy":"product_tag","embeddable":true,"href":"https:\/\/by-gloria.com\/shop\/wp-json\/wp\/v2\/product_tag?post=280073"}],"curies":[{"name":"wp","href":"https:\/\/api.w.org\/{rel}","templated":true}]}}