{"id":120,"date":"2025-05-19T11:05:43","date_gmt":"2025-05-19T09:05:43","guid":{"rendered":"https:\/\/bygloria.websolit-development.com\/?page_id=120"},"modified":"2025-05-19T11:07:13","modified_gmt":"2025-05-19T09:07:13","slug":"versand-lieferung","status":"publish","type":"page","link":"https:\/\/by-gloria.com\/shop\/versand-lieferung\/","title":{"rendered":"Versand &amp; Lieferung"},"content":{"rendered":"\t\t<div data-elementor-type=\"wp-page\" data-elementor-id=\"120\" class=\"elementor elementor-120\" data-elementor-post-type=\"page\">\n\t\t\t\t\t\t<section class=\"elementor-section elementor-top-section elementor-element elementor-element-9c919a3 elementor-section-boxed elementor-section-height-default elementor-section-height-default\" data-id=\"9c919a3\" data-element_type=\"section\" data-e-type=\"section\">\n\t\t\t\t\t\t<div class=\"elementor-container elementor-column-gap-default\">\n\t\t\t\t\t<div class=\"elementor-column elementor-col-100 elementor-top-column elementor-element elementor-element-353ded6\" data-id=\"353ded6\" data-element_type=\"column\" data-e-type=\"column\">\n\t\t\t<div class=\"elementor-widget-wrap elementor-element-populated\">\n\t\t\t\t\t\t<div class=\"elementor-element elementor-element-c8ccb2c elementor-widget elementor-widget-heading\" data-id=\"c8ccb2c\" data-element_type=\"widget\" data-e-type=\"widget\" data-widget_type=\"heading.default\">\n\t\t\t\t<div class=\"elementor-widget-container\">\n\t\t\t\t\t<h1 class=\"elementor-heading-title elementor-size-default\">VERSAND &amp; LIEFERBEDINGUNGEN by Gloria\u00ae Online-Shop<\/h1>\t\t\t\t<\/div>\n\t\t\t\t<\/div>\n\t\t\t\t<div class=\"elementor-element elementor-element-1ae08fc elementor-widget elementor-widget-text-editor\" data-id=\"1ae08fc\" data-element_type=\"widget\" data-e-type=\"widget\" data-widget_type=\"text-editor.default\">\n\t\t\t\t<div class=\"elementor-widget-container\">\n\t\t\t\t\t\t\t\t\t<h2>PREISE, VERSANDKOSTEN, LIEFER- UND R\u00dcCKSENDEINFORMATIONEN<\/h2><p>Die auf den Produktseiten genannten Preise enthalten die gesetzliche Mehrwertsteuer und sonstige Preisbestandteile.<\/p><p>Wir liefern nur innerhalb <strong>\u00d6sterreichs<\/strong> und <strong>Deutschlands (au\u00dfer Inseln). <\/strong><\/p><p>Lieferungen in andere L\u00e4nder sind auf Anfrage m\u00f6glich.<\/p><table width=\"625\"><tbody><tr><td width=\"236\"><p><strong>Lieferzeit<\/strong><\/p><\/td><td width=\"121\"><p><strong>Versandklassen<\/strong><\/p><\/td><td width=\"108\"><p><strong>\u00a0<\/strong><\/p><\/td><td width=\"80\"><p><strong>Preis \u00d6<\/strong><\/p><\/td><td width=\"80\"><p><strong>Preis DE<\/strong><\/p><\/td><\/tr><tr><td width=\"236\">\u00a0<\/td><td width=\"121\">\u00a0<\/td><td width=\"108\">\u00a0<\/td><td width=\"80\">\u00a0<\/td><td width=\"80\">\u00a0<\/td><\/tr><tr><td width=\"236\"><p>Selbstabholung &#8211; sofort verf\u00fcgbar\u00a0<\/p><p>Abholung innerhalb von 3 Werktagen notwendig<\/p><\/td><td width=\"121\"><p>Abholung im Shop<\/p><\/td><td width=\"108\">\u00a0<\/td><td width=\"80\"><p>0,00<\/p><\/td><td width=\"80\"><p>0,00<\/p><\/td><\/tr><tr><td width=\"236\">\u00a0<\/td><td width=\"121\">\u00a0<\/td><td width=\"108\">\u00a0<\/td><td width=\"80\">\u00a0<\/td><td width=\"80\">\u00a0<\/td><\/tr><tr><td width=\"236\"><p>Standardversand &#8211; ca. 3-5 Werktage<\/p><\/td><td width=\"121\"><p>DPD Paketdienst<\/p><\/td><td width=\"108\"><p>bis max. 300 cm Gurtma\u00df, bis max. 31,5 kg<\/p><\/td><td width=\"80\"><p>11,90 \u20ac,<br \/><strong>kostenlos<\/strong> ab einem Warenwert von 49,90 \u20ac<\/p><\/td><td width=\"80\"><p>\u00a019,90 \u20ac,<br \/><strong>kostenlos<\/strong> ab einem Warenwert von 49,90 \u20ac<\/p><\/td><\/tr><\/tbody><\/table><h3>VERSANDGEB\u00dcHREN \u00d6STERREICH UND DEUTSCHLAND (au\u00dfer Inseln)<\/h3><p>Bei Standardversand mittels Paketdienst (max. 31,5 kg \/ Gurtma\u00df 300 cm) innerhalb \u00d6sterreich verrechnen wir Versandgeb\u00fchren mit 11,90 \u20ac pro Bestellung. Die Lieferung nach Deutschland verrechnen wir mit 19,90 \u20ac pro Bestellung. Ab einem Warenwert von 49,90 \u20ac liefern wir die Bestellung gratis!<\/p><h3>SELBSTABHOLUNG<\/h3><p>Alle Bestellungen k\u00f6nnen innerhalb von 3 Tagen auch selbst im Shop (Dechant-Thaller-Stra\u00dfe 22, A-8430 Leibnitz) abgeholt werden. Gro\u00dfe und sperrige Artikel sind nur f\u00fcr die Selbstabholung vorgesehen und dementsprechend gekennzeichnet.<\/p><h3>SPEDITIONSLIEFERUNG<\/h3><p>Schwere oder sperrige Artikel (schwerer als 31,5 kg und von der Gr\u00f6\u00dfe her nicht f\u00fcr einen Paketdienst geeignet) liefern wir nur auf Anfrage per Spedition \/ Zusteller bis zur Bordsteinkante.<\/p><p>Anfragen per E-Mail an <a href=\"mailto:office@by-gloria.com\">office@by-gloria.com<\/a> \u00a0\u00a0<\/p><h4>R\u00dcCKSENDUNGEN<\/h4><p>Entscheiden Sie sich bewusst, auch der Umwelt zuliebe, welche Produkte Sie bestellen. Sollte etwas nicht passen oder gefallen, k\u00f6nnen Sie die Artikel einfach an uns zur\u00fccksenden.<\/p><p><strong>Die R\u00fccksendekosten sind vom Besteller selbst zu bezahlen!<\/strong><\/p><h4>WIE FUNKTIONIERT DIE R\u00dcCKSENDUNG?<\/h4><p>Verpacken Sie den Artikel wieder in der Originalverpackung. Kontaktieren Sie einen Paketdienstleister ihrer Wahl bzgl. der R\u00fccksendung. Kleben Sie den Retouren-Paketaufkleber \u00fcber den vorhandenen Adressaufkleber des Paketes. Und fertig ist die R\u00fccksendung.<\/p><h3>VERPACKUNG<\/h3><p>Wir verwenden f\u00fcr den Versand fast ausschlie\u00dflich gebrauchte Kartons und gebrauchtes F\u00fcll- und Verpackungsmaterial. Damit leisten wir einen zus\u00e4tzlichen Betrag zur Schonung unserer Umwelt.<\/p><h3>SONSTIGES<\/h3><p>F\u00fcr eventuelle Datenfehler in unserem Onlineshop \u00fcbernehmen wir keine Haftung.<\/p><h3>KUNDENSERVICE<\/h3><p>Unser Kundenservice ber\u00e4t Sie gern bei Fragen zum Widerrufsrecht und zur R\u00fcckgabe.<\/p><p><a href=\"mailto:office@by-gloria.com\">office@by-gloria.com<\/a><br \/>+43 3452 \/ 766 01<br \/>Mo-Fr 10-16 Uhr<\/p><p><span style=\"font-size: 16px;\">Stand 01\/2025<\/span><\/p>\t\t\t\t\t\t\t\t<\/div>\n\t\t\t\t<\/div>\n\t\t\t\t\t<\/div>\n\t\t<\/div>\n\t\t\t\t\t<\/div>\n\t\t<\/section>\n\t\t\t\t<\/div>\n\t\t","protected":false},"excerpt":{"rendered":"<p>VERSAND &#038; LIEFERBEDINGUNGEN by Gloria\u00ae Online-Shop PREISE, VERSANDKOSTEN, LIEFER- UND R\u00dcCKSENDEINFORMATIONEN Die auf den Produktseiten genannten Preise enthalten die gesetzliche [&hellip;]<\/p>\n","protected":false},"author":1,"featured_media":0,"parent":0,"menu_order":0,"comment_status":"closed","ping_status":"closed","template":"","meta":{"site-sidebar-layout":"no-sidebar","site-content-layout":"","ast-site-content-layout":"full-width-container","site-content-style":"default","site-sidebar-style":"default","ast-global-header-display":"","ast-banner-title-visibility":"","ast-main-header-display":"","ast-hfb-above-header-display":"","ast-hfb-below-header-display":"","ast-hfb-mobile-header-display":"","site-post-title":"disabled","ast-breadcrumbs-content":"","ast-featured-img":"disabled","footer-sml-layout":"","ast-disable-related-posts":"","theme-transparent-header-meta":"","adv-header-id-meta":"","stick-header-meta":"","header-above-stick-meta":"","header-main-stick-meta":"","header-below-stick-meta":"","astra-migrate-meta-layouts":"default","ast-page-background-enabled":"default","ast-page-background-meta":{"desktop":{"background-color":"var(--ast-global-color-5)","background-image":"","background-repeat":"repeat","background-position":"center center","background-size":"auto","background-attachment":"scroll","background-type":"","background-media":"","overlay-type":"","overlay-color":"","overlay-opacity":"","overlay-gradient":""},"tablet":{"background-color":"","background-image":"","background-repeat":"repeat","background-position":"center center","background-size":"auto","background-attachment":"scroll","background-type":"","background-media":"","overlay-type":"","overlay-color":"","overlay-opacity":"","overlay-gradient":""},"mobile":{"background-color":"","background-image":"","background-repeat":"repeat","background-position":"center center","background-size":"auto","background-attachment":"scroll","background-type":"","background-media":"","overlay-type":"","overlay-color":"","overlay-opacity":"","overlay-gradient":""}},"ast-content-background-meta":{"desktop":{"background-color":"var(--ast-global-color-4)","background-image":"","background-repeat":"repeat","background-position":"center center","background-size":"auto","background-attachment":"scroll","background-type":"","background-media":"","overlay-type":"","overlay-color":"","overlay-opacity":"","overlay-gradient":""},"tablet":{"background-color":"var(--ast-global-color-4)","background-image":"","background-repeat":"repeat","background-position":"center center","background-size":"auto","background-attachment":"scroll","background-type":"","background-media":"","overlay-type":"","overlay-color":"","overlay-opacity":"","overlay-gradient":""},"mobile":{"background-color":"var(--ast-global-color-4)","background-image":"","background-repeat":"repeat","background-position":"center center","background-size":"auto","background-attachment":"scroll","background-type":"","background-media":"","overlay-type":"","overlay-color":"","overlay-opacity":"","overlay-gradient":""}},"footnotes":""},"class_list":["post-120","page","type-page","status-publish","hentry"],"_links":{"self":[{"href":"https:\/\/by-gloria.com\/shop\/wp-json\/wp\/v2\/pages\/120","targetHints":{"allow":["GET"]}}],"collection":[{"href":"https:\/\/by-gloria.com\/shop\/wp-json\/wp\/v2\/pages"}],"about":[{"href":"https:\/\/by-gloria.com\/shop\/wp-json\/wp\/v2\/types\/page"}],"author":[{"embeddable":true,"href":"https:\/\/by-gloria.com\/shop\/wp-json\/wp\/v2\/users\/1"}],"replies":[{"embeddable":true,"href":"https:\/\/by-gloria.com\/shop\/wp-json\/wp\/v2\/comments?post=120"}],"version-history":[{"count":4,"href":"https:\/\/by-gloria.com\/shop\/wp-json\/wp\/v2\/pages\/120\/revisions"}],"predecessor-version":[{"id":124,"href":"https:\/\/by-gloria.com\/shop\/wp-json\/wp\/v2\/pages\/120\/revisions\/124"}],"wp:attachment":[{"href":"https:\/\/by-gloria.com\/shop\/wp-json\/wp\/v2\/media?parent=120"}],"curies":[{"name":"wp","href":"https:\/\/api.w.org\/{rel}","templated":true}]}}